w**3 + 21*w**2 - 20*w + 37. Let l be p(k). Determine r(l).
-1
Let p(l) be the second derivative of -l**5/10 - 3*l**4/4 + 19*l**3/6 + 4*l**2 - 2*l + 906. Give p(-6).
2
Let y(w) be the second derivative of w**6/720 - 11*w**5/120 + w**4/6 - 20*w**2 + 74*w. Let c(a) be the third derivative of y(a). Determine c(12).
1
Let w(r) = r**2 + r - 3. Let x(l) = -l**2 - l + 4. Let q(g) = -7*w(g) - 5*x(g). Suppose -2*n = -0 - 2. Calculate q(n).
-3
Suppose -114*p = -10*p + 5*p + 1090. Let n(q) = -q**2 - 12*q - 23. What is n(p)?
-3
Let s(x) = x**3 + 4*x**2 + 3*x - 3. Let l(k) be the second derivative of k**4/12 - 5*k**3/3 + 5*k**2 + 6*k. Let t be l(8). Let z = t - -3. Calculate s(z).
-3
Let n(t) = 15*t - 100. Let s be n(7). Suppose s*o + 6 = 4*r + 16, -o + 2 = -3*r. Let m(p) = -2*p - 5. Determine m(r).
-5
Let u(g) = g**2 - 4*g + 5. Let q be u(4). Let p(x) = -13 - 14*x**2 - 9*x - 11*x**3 + 12*x**3 + q*x**2. Calculate p(10).
-3
Let s = -19 - -20. Let k(f) = 6*f - 2*f - s - 7*f. Let d = 227 - 234. Calculate k(d).
20
Let c(y) = 540*y - 19. Let d(f) = 451*f - 18. Let l(s) = -5*c(s) + 6*d(s). Determine l(4).
11
Let p(l) be the first derivative of -l**4/4 + 2*l**3/3 + 2*l**2 + 7*l - 760. Calculate p(4).
-9
Let s(h) = -3*h + 4. Let v = -398 + 396. Let q be (2/(-12)*10)/(v/6). What is s(q)?
-11
Let a(q) = q**2 - q + 66. Let u be (-5)/(-6) - 690/828. What is a(u)?
66
Let c(j) = -j**3 + 4*j**2 + 29*j - 6. Let g be ((-2)/(-5))/((-1 - 0)*(-53)/(-530)). Determine c(g).
6
Let f(n) = -12575*n - 230 - 1244 - 12556*n + 25182*n. What is f(29)?
5
Let i be (8/10)/((-52)/390). Let v(d) be the first derivative of d**4/4 + 5*d**3/3 - 3*d**2 - 4*d - 76. Determine v(i).
-4
Let v(k) be the second derivative of k**5/20 - k**4/12 + 2*k**3/3 - k**2/2 - 2*k - 117. Give v(-4).
-97
Let v(u) = -u**2 - 9*u - 2. Let o be v(-9). Let y be 3/(14/4 + o). Let f(z) = 0*z + 335*z**2 - 334*z**y + 4 - 5*z - 1. What is f(2)?
-3
Let q(y) = -2*y**2 - 25 + 19*y**2 - 13 + 3*y - 8*y**3 + 3*y**3 + 4*y**3. What is q(17)?
13
Let n(l) = l**2 + 4*l + 9. Let q be ((-4)/((-8)/(-3)))/((-142)/(-852)). What is n(q)?
54
Let s(c) be the second derivative of -c**3/6 + 5*c**2 - 204*c. Let x = -94 + 102. What is s(x)?
2
Let m(o) be the first derivative of 3*o**2/2 - 10*o + 253. Determine m(-2).
-16
Let k(c) be the third derivative of -c**5/60 - 11*c**4/24 - 2*c**3 - c**2. Let n be (-9*6/(-12) + -4)*194. Suppose 0 = 76*t + 781 - n. Determine k(t).
6
Let c be (6/(-9))/1*(-23 - (3 + -5)). Let w(s) = s**3 - 13*s**2 - 12*s - 14. What is w(c)?
14
Let v = 315 - 313. Let s(w) = w**2 - 1 - 4 - v + 14 + 10*w. Calculate s(-7).
-14
Let k(w) = -w**3 + 3*w**2 + 14*w + 9. Let h(x) = 2*x**3 - 6*x**2 - 30*x - 17. Let u(g) = 7*h(g) + 15*k(g). Give u(5).
-34
Let a = -42 + -523. Let x = a - -573. Let n(y) = -y**3 + 7*y**2 + 6*y - 3. Calculate n(x).
-19
Let h = 20 - 13. Let w(y) = -80*y - 557. Let s be w(-7). Let c(o) = s - h - 3*o + 22*o**2 - 9*o**2 - 12*o**2. Determine c(5).
6
Let f(x) be the first derivative of -1/4*x**4 + 0*x**3 + 5*x + 0*x**2 + 35. Let y = 4 - 4. Calculate f(y).
5
Let h be (-8)/14 + 18/7. Let d(u) be the first derivative of 7 + 11 + 4*u - 9*u + 1 + u**h. Calculate d(7).
9
Let o(a) be the first derivative of 0*a**3 - 27*a**2 + 25*a**2 + 8*a**3 - 7*a**3 + 3*a - 49. Let q(s) = s**3 + 6*s**2 + 5*s + 2. Let u be q(-5). Calculate o(u).
7
Let p(k) = k**3 - 7*k**2 - 17*k + 1. Let z be p(9). Suppose -z*s = 19*s - 464. Let f(y) = 2*y - 13. Determine f(s).
19
Let a(k) = 14*k - 1. Let c = -16376 - -16375. Calculate a(c).
-15
Let p be (11 - 12 - (-2 - -2))*-7. Let z(m) = -1 + 8*m - p*m - 2*m. What is z(4)?
-5
Let x(h) = h**3 - 12*h**2 + 6*h + 13. Suppose -b - 5 - 19 = 5*t, b - 26*t - 193 = 0. Calculate x(b).
-42
Let g(h) = h**2 - 4*h. Let t be 4980/140 + (-8)/14. Let q be -2*-2*t/28. Give g(q).
5
Let a(w) = -9*w + 2. Let r(o) = 17*o - 4. Let b be 3/18 - 573/(-18). Let k = b + -39. Let i(c) = k*a(c) - 4*r(c). Give i(2).
-8
Let i(l) = -l**2 + 5*l - 1. Let u(m) = 11*m**2 - 14*m. Let j(q) = -4*i(q) - u(q). What is j(2)?
-36
Let v(k) = 2*k**3 - 9*k**2 + 6*k - 301. Let x(j) = 2*j**3 - 13*j**2 + 7*j - 402. Let i(z) = -4*v(z) + 3*x(z). Let b = 2 - 4. Calculate i(b).
8
Let g(j) = j**2 - 106*j - 1035. Let d be g(-9). Let r(m) = -3*m + 132. Determine r(d).
132
Let c(t) = t - 5. Suppose 0 = -13*d - 78 - 234. Let m(g) = 3*g**2 + 72*g + 7. Let w be m(d). Give c(w).
2
Suppose 55 = 3*u - 3*r + 49, u + 5*r = 8. Let o(w) = -w - 5. Calculate o(u).
-8
Let m(c) = 21*c + 37. Let b be m(-6). Let f = -82 - b. Suppose j - f = -2. Let a(q) = -q**2 + 6*q + 3. Determine a(j).
8
Let s(t) = 3*t - 241 - 242 + 481 - 3*t - t**2 + t. Determine s(0).
-2
Suppose z + 12 = 5*z, 12 = 3*c + 3*z. Suppose 5*m - 15*a = -13*a + c, 12 = 2*m + 5*a. Let j(x) = -6*x - 1. What is j(m)?
-7
Let k = 231 + -236. Let t(y) be the second derivative of -5*y + 1/6*y**3 + 0 + y**2. Determine t(k).
-3
Let z(w) = w**2 + 3*w - 6. Let m(v) = -3*v + 46. Suppose 20 - 5 = 5*q. Suppose 0 = s + q*k - 32, -5*s + 85 - 5 = -k. Let b be m(s). Calculate z(b).
4
Let r(p) = -p**3 - 12*p**2 - 8*p + 13. Let j be (-22)/(-6)*(36 - 39). What is r(j)?
-20
Let k(b) be the third derivative of -b**6/720 + b**5/30 - b**4/8 + 3*b**3 + 5*b**2 - 2. Let t(p) be the second derivative of k(p). Give t(-3).
7
Let a(n) = 52*n - 282. Let t(u) = 35*u - 188. Let b(v) = -5*a(v) + 8*t(v). Let j be b(5). Let d(q) = -6*q + 6. Give d(j).
-30
Let v = -5530 + 5535. Let g(f) be the third derivative of -1/3*f**4 + 0*f + 0 + 1/60*f**v + 1/2*f**3 - 10*f**2. What is g(7)?
-4
Let j(r) = -3*r - 35. Let w be j(-13). Let i(c) = 2*c**3 - 5 - 5*c + 3*c - w*c**2 + 6. Let x = -6 + 4. Determine i(x).
-27
Let q = -18 + 22. Let b(g) be the third derivative of g**6/120 - g**5/12 - g**4/8 - 1211*g**2. Give b(q).
-28
Let h be 702/(-1638)*(-7)/18. Let x(g) be the second derivative of -1/20*g**5 - 7/2*g**2 + 23*g + 1/12*g**4 - h*g**3 + 0. Give x(0).
-7
Let w(v) be the second derivative of 11*v**3/3 + 81*v**2/2 + 65*v. Let x be w(-4). Let p(g) = -4*g - 1 + 3 - 2*g - g**2. Give p(x).
-5
Let y = 43 - 26. Suppose -12 = -3*n, 9 = -f + 5*n - y. Let q(j) = 10*j**2 + 24*j + 17. Let t(z) = 3*z**2 + 8*z + 6. Let g(b) = -2*q(b) + 7*t(b). What is g(f)?
-4
Suppose 9*v - 61757 = -11915. Let f(t) = 0 + 0 - v*t + 5535*t + 1. Calculate f(2).
-5
Let l be (-3)/((-1)/(-4 - -3)). Let g(b) = 1. Let h(v) be the first derivative of -v**2/2 - 6*v + 51. Let t(a) = 3*g(a) + h(a). What is t(l)?
0
Suppose 3*f - 5*w + 171 = 162, 2*w - 40 = -4*f. Let m(c) = 5*c**2 - 33*c - 4. Calculate m(f).
10
Let l(u) = -2505*u + 22*u**2 - 33*u**2 + 5006*u - u**3 - 2523*u - 10. Give l(-7).
-52
Let o(p) be the second derivative of p**6/120 + p**5/20 - 7*p**4/24 - 5*p**3/6 + 77*p**2/2 + 78*p. Let x(j) be the first derivative of o(j). Determine x(-4).
7
Let o = 718 - 712. Let q(z) = 0*z + 6*z - 3 - 3*z - 2*z. Determine q(o).
3
Let o(i) = -i**3 + 7*i**2 + 9*i - 65. Let l be o(7). Let z(p) = 10*p**3 + 4*p**2 + p. What is z(l)?
-66
Suppose -v = -2*l + 239 - 244, -4*l = -3*v + 13. Let j(s) = 44*s**2 + 2*s + 2. Calculate j(l).
44
Let t(g) be the first derivative of -g**4/4 + 38*g**3/3 + 40*g**2 - 4*g + 6957. Give t(40).
-4
Let u(h) = -172*h**2 + 2*h**3 + 70*h - 69*h + 0*h**3 + 87*h**2 + 88*h**2 + 1. Calculate u(-2).
-5
Let b(a) be the first derivative of -a**3/3 - 11*a**2/2 - 17*a + 417. What is b(-10)?
-7
Let v be (1/(-2))/(17/34). Let f be (v - 2) + 1 + -12. Let z(l) = -32*l + 43. Let w(a) = -7*a + 11. Let r(g) = 9*w(g) - 2*z(g). Determine r(f).
-1
Let s(f) = f**3 - 7*f**2 + 7*f. Let d be (-20 - -23)*(-29)/1. Let u = d + 92. What is s(u)?
-15
Let b(d) be the second derivative of d**5/20 - d**4/4 - d**3 - 7*d**2/2 + 3487*d. Give b(4).
-15
Let z(y) be the second derivative of -y**4/12 + 8*y. Suppose -20*d + 23*d = 36. Suppose 9*u - 9 = d*u. Give z(u).
-9
Let p(r) = -2*r**3 + 4*r**2 + 17*r - 8. Suppose 11*q - 37*q + 104 = 0. Calculate p(q).
-4
Let m be (-6)/(-2) + 1/(-1). Let v(i) = -m - i - 2*i + 4*i. Let o(a) = -a**2 + 27*a + 6. Let f be o(27). Calculate v(f).
4
Let u(s) be the second derivative of s**5/20 + s**4/2 - s**3/6 + s**2/2 + 4*s. Suppose 28 = -7*y - 14. Let g be u(y). Let l(a) = a**2 - 8*a + 6. Determine l(g).
-1
Suppose 46 = 2*w - 4*j, -30 = -w - w - 4*j. Let l(d) = d**3 - 20*d**2 + 18*d + 26. L